) = -18*j - 175. Let k be h(-10). Let y(i) = i + k*i - 7*i. What is y(1)?
-1
Let b(x) = 0 - 11*x**2 + 0 + 16*x**2 - 7*x**2 - 6*x + 6. What is b(-6)?
-30
Let b = 5621 + -5608. Let n(k) = 3*k**3 + 29*k**2 + 19*k + 13. Let x(d) = 2*d**3 + 15*d**2 + 9*d + 7. Let m(u) = 3*n(u) - 5*x(u). Give m(b).
-9
Let p(z) = z**2 - 5*z - 84. Suppose -11*x + 12*x - 2 = -3*g, -2*g + 6 = 0. Give p(x).
0
Let x(p) = 14*p**2 - 216*p + 20. Let o(a) = 106*a**2 - 1644*a + 151. Let g(v) = 5*o(v) - 38*x(v). Let z be 2*(0 - 10/4). Determine g(z).
5
Let b(w) = 2*w**2 - 6*w - 6. Let a(g) = 3*g**2 - 12*g - 12. Let x(p) = -3*a(p) + 5*b(p). Let u be 58/7 + 14/(-49). Let t be (u/(-28) - 22/21)*3. Give x(t).
-2
Let a(l) = -l**3 + 6*l**2 - 4. Let s = 38 - 29. Let t(z) = -z**3 + 10*z**2 - 8*z - 10. Let r be t(s). Let w be ((-3)/5)/(r/10). What is a(w)?
-4
Let s = 350703 - 350707. Let u(o) = 7*o**2 + 2. Let i(g) = -8*g**2 - g - 3. Let y(c) = 6*i(c) + 7*u(c). Calculate y(s).
36
Let i(s) = -463 - 467 - 463 + 5*s + 1395. What is i(-5)?
-23
Suppose -t + 2*t - 3 = 2. Let v(m) = m**3 - 7*m**2 + 13*m - 12. What is v(t)?
3
Let a(y) = -y**2 - 13*y - 24. Let k be a(-10). Let n(f) = 6 - 7836*f + 7835*f - 4. What is n(k)?
-4
Let f(z) = 3*z - 3. Let m(j) be the second derivative of 12*j - 1/20*j**5 + 1/6*j**3 + 1/6*j**4 + 0*j**2 + 0. Let k be m(2). Give f(k).
3
Suppose -1 = -d + 2. Let o(p) = 11*p - 8. Let z be o(d). Let j = z - 29. Let f(u) = 3*u + 2. What is f(j)?
-10
Let c(m) = m**3 - 3*m**2 - 4*m. Let u be c(4). Suppose 2*r + 2*r - 20 = u. Suppose -r*y = -14 + 44. Let i(s) = -s**2 - 5*s - 7. What is i(y)?
-13
Suppose 3*d - 9 = 0, -5*d = -5*x + 4 + 76. Suppose -5*n + x - 39 = 0. Let q(m) = -m**3 - 2*m**2 + 9*m + 6. What is q(n)?
2
Let x(m) = -8 - 685132*m**3 + 685133*m**3 - 1. Let n(o) = 5*o**2 + 2*o - 1. Let s be n(1). Let v be s/(-2) - 18/(-6). What is x(v)?
-9
Let i = -258 + 107. Let g = i + 151. Let d(h) = -h**2 + h + 4. Give d(g).
4
Let a(u) = u**2 - 2*u - 9. Suppose 0 = -2*o + 275 - 271. Let x be (-25)/(-10)*(0 + o). Give a(x).
6
Let o(y) = -2*y**2 + 13*y + 20. Let z(v) = 3*v**2 - 12*v - 24. Let t(u) = 4*o(u) + 3*z(u). Determine t(-16).
8
Suppose 3*b + 32 = -2*a, -48 = -b + 6*b - 2*a. Let l(h) = -1691*h**2 + 19*h - 19. Let j(u) = -615*u**2 + 6*u - 6. Let t(p) = -11*j(p) + 4*l(p). Determine t(b).
-10
Suppose 1289 + 4871 = -280*z. Let w(m) = 5*m + 104. Give w(z).
-6
Suppose 0 = 5*b + 3*p - 92 + 86, -4*p = -4*b + 56. Let v(r) = -5*r**2 + 24*r - 1. Let h(t) = 0 + t**2 + 0 - 5*t. Let j(m) = 11*h(m) + 2*v(m). Determine j(b).
-8
Let v(i) = -i + 14. Suppose -428 = -10*m - 158. Suppose 0 = -8*x - x + m. Suppose -l - 2*b = -12, 10 = x*l + 5*b - 24. Determine v(l).
6
Suppose -u = 3*u + 20. Let b(w) be the second derivative of -w**4/12 - w**3/3 + 3*w**2 + 1805*w. Give b(u).
-9
Let o be ((-2)/(-2))/(-3) - ((-20)/6)/(-5). Let x(j) = -33*j**2 - 2*j - 3. Determine x(o).
-34
Suppose 3 = 2*x - 3*h, 4*h - 16 = 4*x - 32. Let f(c) = 2*c - 30. Determine f(x).
-12
Let y(d) be the first derivative of -1/3*d**3 + 11 + 0*d**2 + 1/4*d**4 - 9*d. Give y(0).
-9
Let b = 5968 - 5966. Let z(p) be the second derivative of 18*p + 0 + 5/2*p**b - 5/12*p**4 + 1/20*p**5 + 1/2*p**3. Determine z(4).
1
Let a(k) be the second derivative of 3*k**2 + 0 + 1/6*k**3 + 42*k. Let m = -19 + 13. Give a(m).
0
Let d(c) = -8*c**3 - 7*c**2 + 2*c - 4. Let p(g) = -3*g**3 + 3*g**2 - 2*g + 2. Let u(n) = d(n) + 3*p(n). Give u(1).
-17
Let z be (24/40)/((-4)/(-60)). Suppose -3*u + 9 = 2*b - z, 0 = -5*u - 3*b + 30. Let v(q) = q**3 - 6*q**2 + 3. Calculate v(u).
3
Let d be (2/5)/((-6)/120). Let c(m) be the first derivative of m**3/3 + 5*m**2/2 - 21*m - 7704. Give c(d).
3
Let l(b) = -b**2 - 13*b + 11. Suppose 2 = -3*k + k. Let c be (k/4*-13)/(5/(-20)). Determine l(c).
11
Let w(i) = -i**2 - 4*i + 1. Let g(k) = 4*k + 51. Let m be g(-7). Let c = 36 - m. Let t(y) = 2*y**2 + 9*y - 2. Let u(l) = c*w(l) + 6*t(l). Give u(2).
1
Let r be 35/4 - (-2)/8. Let z(t) = -r*t + 3 - t + t**2 + 5*t. Suppose -d + 1 = 0, 15*q - 19*q - 3*d = -11. What is z(q)?
-3
Let n(d) = 2*d**2 + 137. Let f(v) = 3*v**2 + 134. Let s(k) = -3*f(k) + 4*n(k). Calculate s(-12).
2
Let k = -20 - -28. Suppose -k = 5*h - h. Let u(l) = -l**2 - 3*l - 1 - 10*l + 12*l. Calculate u(h).
-3
Let h(q) = -2*q**2 + 3*q + 7. Let s be h(3). Let v be (-12)/s*(-4)/(-12). Let j(c) = -6*c + 1 - 3*c**v + 5*c**2 - c**2. Give j(6).
1
Let j = 84 + -72. Suppose 4*p - 8 = j*p. Let w(m) be the first derivative of 7*m**2/2 - m + 4. Give w(p).
-8
Let f(q) be the third derivative of -q**5/60 + 19*q**4/24 + 5*q**3/3 + 2*q**2 - 1512. Give f(20).
-10
Let g(y) = -y + 1 + y**2 - 3*y**2 + y**2. Let x(h) = -5*h**2 - 2*h + 3. Let r(f) = f**2 - 4*f - 8. Let i be r(6). Let n(o) = i*g(o) - x(o). Give n(2).
1
Let k(r) = 21*r - 30. Let p be k(-3). Let m = -90 - p. Let h(i) = -i**3 + 3*i**2 + i - 1. Calculate h(m).
2
Let a(x) be the second derivative of -x**4/3 - 13*x**3/6 - 35*x**2/2 - 2168*x. Determine a(-7).
-140
Suppose 3*l = -13 + 25. Suppose 0 = -3*v - 3*k - 3, 2*v - l*k - 1 = 3. Let s(g) = -g**3 + g - 7. Determine s(v).
-7
Let z(a) = a**3 - 28 + 19731*a - 39473*a + 19734*a - 5*a**2. What is z(7)?
14
Let y(j) = j**3 - 5*j**2 + 4*j - 4. Suppose 0 = 528*w - 527*w - 5. Suppose 14 = 5*z + 2*h, w*h = 2*z + 2*h - 17. Give y(z).
-4
Let u(j) be the first derivative of -j**5/20 - 3*j**4/4 + 11*j**3/6 - 2*j**2 + j + 63. Let p(b) be the first derivative of u(b). Determine p(-10).
-14
Let h = 0 + 0. Let w(n) = -n**3 - 95*n**2 - 2*n - 188. Let b be w(-95). Let y(z) = -8*z**b + h*z + 16 - 2*z**2 - z**3 - 5 + z. What is y(-10)?
1
Let v = 906/25 - 2693/75. Let j(o) be the first derivative of 3/2*o**4 + 0*o - 32 - v*o**3 - 1/2*o**2. What is j(-1)?
-6
Let q(i) = -3*i**3 + 8*i**2 - 4*i - 2. Let t(f) = 644*f - 2574. Let d be t(4). Calculate q(d).
-2
Let h(l) = 3*l**2 + 11*l - 1. Let k = -14022 - -14018. Determine h(k).
3
Let t be (10/50)/((-2)/50). Let y(h) = 17*h**2 - h + 18. Let s(c) = -12*c**2 + c - 12. Let r(q) = t*y(q) - 7*s(q). Determine r(-6).
-30
Let f(i) = 6*i**3 - 2*i**2 + 4*i - 4. Suppose 5*x = 3*n - 33 + 30, 1 = n - 2*x. What is f(n)?
4
Let q(g) = 2*g + 7 + 2 - 4. Let a be ((-144)/324)/(2/(-9)) + -1*4. Let i be q(a). Let o(p) = 3*p - 1. Determine o(i).
2
Suppose -24*t = -17*t + 14. Let p(l) = -26*l**2 + 11*l - 17. Let u(w) = -3*w**2 + w - 2. Let s(z) = 2*p(z) - 18*u(z). Calculate s(t).
2
Let z(a) be the first derivative of 3*a**2/2 - 4*a + 1. Suppose 3*q + 20 = -2*n, 42*n - 37*n = -q - 24. Give z(n).
-16
Let j(s) = -s**3 - 2*s - 503261*s**2 - 8 + 503256*s**2 + 0*s**3. Give j(-4).
-16
Let d(p) = p**3 + 3*p**2 + p + 1. Let v(i) be the first derivative of -11/2*i**2 - 1/3*i**3 - 1 - 20*i. Let j be v(-9). Calculate d(j).
3
Let z(d) = -35*d**2 - 1. Let q be z(-1). Let o be (1/(-3))/(2/q). Let j(u) = 29 + 38 - 65 + 2*u. Give j(o).
14
Suppose 0 = 4*o - 727 + 775. Let k(u) be the first derivative of u**4/4 + 4*u**3 - u**2/2 - 14*u - 42. Calculate k(o).
-2
Let n be ((-4)/48*-6)/((-1)/14). Let r(m) = m**2 + 8*m + 12. Let z be r(n). Let x(d) = z + 1 + d + 0*d + 2*d. What is x(6)?
24
Let f(y) be the first derivative of 7*y**4/4 + 7. Let k(w) = -224*w + 2015. Let g be k(9). What is f(g)?
-7
Let p(t) = -28*t + 9*t**2 - 2 + 5 + 18*t + t**3 + 23*t + 5. Calculate p(-8).
-32
Let q(z) = -153*z + 1075. Let l be q(7). Let c(a) = a**3 - 3*a**2 - 2*a. Determine c(l).
8
Let w(n) be the second derivative of -19*n**8/3360 - n**6/720 - n**5/120 - 37*n**4/12 - 65*n. Let p(z) be the third derivative of w(z). Calculate p(-1).
38
Let l(p) = 32*p - 6. Suppose 0 = -14*x + 69 + 29. Let v(h) = -29*h + 5. Let c(j) = x*l(j) + 8*v(j). Determine c(-6).
46
Let k be -7 + (240/90)/((-4)/6). Let s(l) = l**3 + 12*l**2 + 9*l - 23. Give s(k).
-1
Let p(m) = m. Let g(i) = -i**3 + 8*i**2 - 14*i + 7. Let q be g(6). Let f be ((-25)/q)/25 + 6/(-5). Let s(v) = -5*v. Let r(j) = f*s(j) - 6*p(j). Determine r(-8).
8
Let m(k) be the third derivative of k**5/60 - k**4/2 + 5*k**3/3 - 16*k**2 - 20*k. What is m(9)?
-17
Let u(x) = -x**3 + 5*x**2 + x - 4. Let f be u(5). Let q(b) be the first derivative of 88 + b**2 + 11/4*b**4 - b - 2/3*b**3. What is q(f)?
10
Let f be (4 - 0) + 8/4. Let o be 4*f/(-4)*(-2)/(-2). Let l be 17/3 + 4/o. Let b(m) = -m**3 + 6*m**2 - 8*m + 4. Determine b(l).
-11
Let x(w) = 